 -10*b = -1019 - 3271. Is b a multiple of 33?
True
Suppose -3*u + 52 = q, -3*u - 4*q + 9 + 28 = 0. Let j(l) = l**2 - 16*l - 43. Is 14 a factor of j(u)?
True
Let w = -86 + -4. Let o be (-4)/(-10) + 36/w. Suppose o*p = -p + 32. Does 16 divide p?
True
Let l(i) = i**2 - 16*i + 30. Let v be l(14). Let j(m) = 23*m**2 - 3*m + 2. Is 11 a factor of j(v)?
True
Is (39362/18 - 0) + 280/1260 a multiple of 18?
False
Let c(q) = -q - 91. Let p be c(0). Let i = p + 160. Is i a multiple of 23?
True
Suppose 2*z = 5*z + 3, 0 = b - z + 37. Let d = b - -63. Is d a multiple of 3?
False
Suppose j + 5*w - 139 = 268, 5*j - 1919 = 4*w. Is 9 a factor of j?
True
Is 14 a factor of (16/6)/((-96)/(-26640))?
False
Does 3 divide 28*8/(-48)*(-144)/14?
True
Suppose -4*n = -2*n - 10. Suppose -150 = -3*a + n*q, 26 = -a + q + 74. Let k = a - 24. Is k a multiple of 9?
False
Let b(x) = x**2 + x + 20. Let z be b(0). Let p = z + 148. Is 14 a factor of p?
True
Let a = 305 + -181. Suppose -5*q = -a - 1. Does 25 divide q?
True
Let h = 18 - 11. Suppose 11*v = h*v + 24. Is 14 a factor of v*9 - -3 - 2?
False
Let u = 1732 + -535. Does 4 divide u?
False
Let h = -275 - -184. Let d be (-3)/7 - 676/h. Suppose -d = 4*j - 127. Is 6 a factor of j?
True
Does 30 divide (-127908)/(-63) + 6/(-84)*4?
False
Let x(i) = 4*i - i - i - 3 - i. Let r be x(6). Suppose -4*n + 132 = -g - r*g, 51 = 2*n - 5*g. Does 19 divide n?
True
Suppose 6*f + 0 = 12. Suppose -3*u + f*v + 65 = 0, 4 = v - 1. Does 8 divide u?
False
Let k be (-4)/(-9)*18/4. Suppose 8*z = 4*p + 3*z - 353, -k*p = 3*z - 193. Is p a multiple of 4?
True
Suppose -5*m = -225 - 915. Is 38 a factor of m?
True
Let m(v) be the second derivative of 5*v**2 - 11/6*v**3 + 1/12*v**4 + 2*v + 0. Does 13 divide m(14)?
True
Suppose -h = -5*h + 760. Suppose 34 = 3*c + h. Is 8 a factor of 4/(-6) + c/(-6)?
True
Let c = -207 - -316. Let i = c + -63. Does 3 divide i?
False
Suppose -z = 4*n - 21, -7*z = -2*n - 3*z - 12. Suppose -3*m + 21 = 2*m + i, 3*m + n*i = -1. Suppose m*y - 3*y = 108. Does 11 divide y?
False
Let x(b) = -4*b**2 - 5*b + 2. Let k(s) = s**2 + 2*s - 1. Let l(z) = -7*k(z) - 2*x(z). Is 12 a factor of l(9)?
True
Suppose -x + 4*j + 2 = 0, -15 = 5*x - j - 6. Let q be x*5/(20/(-6)). Suppose w = -q*w - 2*g + 312, 2*g = -8. Is 11 a factor of w?
False
Let v(p) = -14*p**2 + 15*p - 17. Let f(g) = -5*g**2 + 5*g - 6. Let t(j) = 11*f(j) - 4*v(j). Is t(7) a multiple of 16?
True
Suppose 3*n + 3640 - 11 = 2*y, 5*n = -4*y + 7247. Does 17 divide y?
False
Let n = 11 + -4. Let m = n - 5. Suppose i = m*b + b - 23, 4*b + 3*i = 35. Is 3 a factor of b?
False
Suppose 1080 = 58*j - 52*j. Does 90 divide j?
True
Suppose -2*v - 2*v + 16 = 0. Suppose -r + 224 = v*x, 6*x - 2*x + 4*r = 224. Suppose 3*u + 8 - x = 0. Does 8 divide u?
True
Let m = -320 + 150. Let a = 121 - 212. Let y = a - m. Does 12 divide y?
False
Let s be (-110)/(-4) + 23/(-46). Does 14 divide (-4)/3 + 1548/s?
True
Let s = -22 + 128. Suppose -4*o - o = -j + s, j - 112 = -o. Is 37 a factor of j?
True
Let o(n) = n**3 + 5*n**2 + 4. Let l be o(-5). Suppose 0 = -9*b + l*b - 5, -3*p - b + 137 = 0. Let c = 80 - p. Is c a multiple of 11?
False
Suppose 2*s - 1736 = 2*f, -3*f + 16 = f. Is 21 a factor of s?
False
Let v be (-5)/(-4)*(-10 + 14). Let d be v/(-20) + 217/4. Suppose 11*o = 13*o - d. Does 9 divide o?
True
Is (-2)/12 - (-2405)/30 a multiple of 6?
False
Let d(s) = -s**3 - 5*s**2 + 5*s - 4. Let f be d(-6). Suppose 8*m + 60 = f*m. Let w(v) = -v**3 - 9*v**2 + 10*v + 5. Is 2 a factor of w(m)?
False
Let r(q) = 190*q + 8. Is r(3) a multiple of 22?
False
Let a = 3316 - 1577. Does 47 divide a?
True
Let x(z) = -z**3 + 8*z**2 + 9*z. Let r be x(9). Suppose 5*j + r - 5 = 0. Let k = 12 + j. Is k a multiple of 13?
True
Let o = -42 - -90. Suppose -49*l + o*l + 20 = 0. Is l a multiple of 13?
False
Suppose a = 3, 5*z + 3*a - 1036 = a. Does 49 divide z?
False
Let p be 4 + 0 + (-10)/(-10). Suppose 99 + 126 = p*a. Is 9 a factor of a?
True
Let n(a) be the first derivative of -11*a**2/2 - 9*a - 6. Let u be n(5). Let c = u - -98. Does 17 divide c?
True
Suppose -3*h = -4*y - 16, 0*h + 5*y = 3*h - 17. Suppose -4 - 12 = -h*a. Suppose -o = a*m - 30, -5*m - 4*o + 43 = -0. Is 7 a factor of m?
True
Suppose -143 = -3*v + 2*j, v = 4*v + 2*j - 163. Suppose f = 4*n + v, -n - 10 = n. Is (-1 + f - 2)/2 a multiple of 11?
False
Suppose 0 = -23*s + 19*s + 536. Suppose v - 363 = -4*u, -s = -2*u + v + 43. Is u a multiple of 10?
True
Suppose -6*v + 3022 = -830. Does 5 divide v?
False
Let l be 6/(-10) + 8/(-20). Is 14 a factor of 81*l*(-10)/15?
False
Let b = -4 + 5. Let n be (-1)/b + 23/(-1). Let j = 68 + n. Does 22 divide j?
True
Suppose 2202 = 4*l - 2*d, -6*l - 5*d - 2205 = -10*l. Is l a multiple of 10?
True
Suppose -5*y + 41 = -24. Let c(b) = b**3 - 13*b**2 + 4*b + 18. Is 18 a factor of c(y)?
False
Let v = 1500 - 1301. Is v even?
False
Let g(s) be the first derivative of 2*s**3/3 - 3*s**2 - 3*s - 7. Let a be g(5). Let v = 32 - a. Is 8 a factor of v?
False
Let g = 11 - 7. Suppose 3*p + 4*u + 114 = 0, -5*u - 148 = g*p - u. Let o = -14 - p. Does 6 divide o?
False
Let g(r) = r**3 + 3*r**2 + 4*r + 4. Let m be g(-2). Suppose 0 = -4*z + s + 25, -5*z + m*s - s + 38 = 0. Is 6 a factor of z?
False
Let z(q) = -q**2 + 4*q + 1. Let d be z(3). Let u(k) = k**2 + d + k**2 + k**2 - 5*k**3 + 6*k. Is u(-2) a multiple of 22?
True
Suppose 0 = 3*s - 4 - 2. Suppose -18 = -5*g + s*g. Is 4 a factor of (-2)/g - (-183)/9?
True
Let s be (-128)/(-9) - (-4)/(-18). Suppose 9*i = s*i - 475. Is i a multiple of 19?
True
Is (-52)/((-8)/6*(-9)/(-138)) a multiple of 13?
True
Suppose 0 = -5*g - 16 + 61. Let m = g + -14. Let a(j) = -4*j + 5. Does 7 divide a(m)?
False
Let p(t) = t**3 + 11*t**2 + 3*t + 10. Let y be p(-11). Let v be 6/(-10) + y/(-5). Suppose -62 = -z + v. Is z a multiple of 22?
True
Is 6/(1602/2583 + (-4)/7) a multiple of 2?
False
Suppose 31*y - 4680 = 21*y. Let u = -206 + y. Is 35 a factor of u?
False
Suppose -2*i + 1851 = 5*v, 5*v + 72 = 5*i + 1902. Is v a multiple of 43?
False
Let c be 2*(3 - (-12)/8). Is (9/12)/((c/(-8))/(-3)) a multiple of 2?
True
Suppose 5*l = 20, -10*u - 4848 = -13*u + 3*l. Is u a multiple of 20?
True
Let f be (7 - -3)*(-2)/(-4). Let a = f - 1. Suppose a*k = m + 1, 12 = -2*k + 5*k. Does 15 divide m?
True
Let x = 33 - 9. Suppose 4*i - 12 = -2*c + i, 7 = 5*c - 4*i. Suppose 38 + x = 4*d + c*j, d = -5*j + 7. Is 10 a factor of d?
False
Suppose -1 = -3*m + 17. Suppose -m*h = -803 + 125. Is 19 a factor of h?
False
Let m = 515 + -467. Does 10 divide m?
False
Is 5 a factor of 668 + (-3 - (-6 + 1))?
True
Suppose c = 5*j - 13, -20 = -c - 5*j + 17. Does 16 divide 173 - (2 - c/4)?
False
Let s(p) = p**2 + 3*p - 7. Let d be s(-5). Let t be d + 1/((-2)/(-20)). Let u = t + -2. Is u a multiple of 6?
False
Let l = -1524 + 2224. Is l a multiple of 20?
True
Let t = 29 - 30. Is 3 a factor of (6/2)/3*(-19)/t?
False
Let t = 136 + 165. Is 8 a factor of t?
False
Let a(r) = -23*r**3 + r**2 - 2*r - 1. Let n be a(-1). Let t = 30 - n. Is t a multiple of 5?
True
Suppose -5*z = -2*z - 60. Does 10 divide (z/(-6))/(-1)*18?
True
Let b(a) = 2 - 9*a + 1 + 8 - 2. Is b(-12) a multiple of 39?
True
Suppose -3*z - 3*f + 15 = 0, 4*z - 4*f = z - 6. Suppose z*b = 5 + 5. Suppose 0 = 2*p - b*p + 36. Is 3 a factor of p?
True
Suppose 5*n - 20 = 0, -3*n + 72 = 2*w + w. Suppose -2*g + 7*g - w = 0. Let z = g + 22. Is z a multiple of 13?
True
Let l(m) = -m**3 - m**2 + 25*m - 20. Is 6 a factor of l(-10)?
True
Let h(c) be the first derivative of -4*c**2 + 8*c + c + 2 + 2 - 2*c. Is 13 a factor of h(-4)?
True
Let i(y) = -y**2 + 3 + 3 + 2 + 17*y. Let g be 228/20 - (-6)/(-15). Is i(g) a multiple of 19?
False
Suppose -5*b - 2 - 1 = 3*a, 2*b = 4*a - 22. Let o be -3 + 3*(b + 5). Suppose -o*p - 49 = -154. Does 7 divide p?
True
Let s(u) = -u**2 - 3*u + 2. Let n be s(-3). Suppose 6*x = x, -n*x - 42 = -3*y. Is 7 a factor of 4/y - (-150)/14?
False
Is 29 a factor of -8*(-7)/56*261?
True
Let w(v) = v**3 + 17*v**2 + 9*v + 30. Is 12 a factor of w(-14)?
True
Is 3 + 5 + 2736/8 a multiple of 25?
True
Suppose -510 = -5*n - 3*x + 1230, 3*n + 3*x - 1038 = 0. Is 13 a factor of n?
True
Does 17 divide 26826/54 + 11 + 4/18?
False
Suppose 2 = -x + 1. Let u(q) = 12*q**3 + q**2 + q. Let z be u(x). Does 7 divide 212/24 - 2/z?
False
Suppose -4*i +